{"id":4779,"date":"2024-01-05T18:27:27","date_gmt":"2024-01-05T18:27:27","guid":{"rendered":"https:\/\/webshop.ventil-trade.hu\/?product=delton-press-konyok-km"},"modified":"2026-03-07T08:09:28","modified_gmt":"2026-03-07T08:09:28","slug":"delton-press-konyok-km","status":"publish","type":"product","link":"https:\/\/webshop.ventil-trade.hu\/?product=delton-press-konyok-km","title":{"rendered":"Delton press k\u00f6ny\u00f6k KM"},"content":{"rendered":"<p>\u00d6tr\u00e9teg\u0171 rendszerhez presszes k\u00f6ny\u00f6k menetes, Delton<br \/>\nPress idomok<br \/>\nA speci\u00e1lis pr\u00e9sszersz\u00e1m seg\u00edts\u00e9g\u00e9vel l\u00e9trehozott oldhatatlan k\u00f6t\u00e9sek biztons\u00e1gosak, falban \u00e9s aljzatban is elhelyezhet\u0151k.<br \/>\nA pr\u00e9sidomok meg\u00fajultak, a fejleszt\u00e9s sor\u00e1n a f\u0151 szempont a szerel\u00e9s m\u00e9g biztons\u00e1gosabb\u00e1 t\u00e9tele volt.A pr\u00e9sidomok pr\u00e9sel\u00e9sjelz\u0151vel vannak ell\u00e1tva, melynek r\u00e9v\u00e9n megel\u0151zhet\u0151 a pr\u00e9sel\u00e9s elmulaszt\u00e1s\u00e1b\u00f3l ad\u00f3d\u00f3 hiba.<br \/>\nAz idomokat ugyanazzal a pr\u00e9sszersz\u00e1mmal lehet pr\u00e9selni mint eddig.<br \/>\nA rozsdamentes ac\u00e9lgy\u0171r\u0171n tal\u00e1lhat\u00f3 k\u00e9mlel\u0151ny\u00edl\u00e1sok seg\u00edts\u00e9g\u00e9vel k\u00f6nnyen ellen\u0151rizhet\u0151 a cs\u0151 megfelel\u0151 helyzete.<br \/>\nAz \u00faj rozsdamentes ac\u00e9lgy\u0171r\u0171 k\u00f6zvetlen\u00fcl csatlakozik az idomtestre, k\u00f6nnyen cser\u00e9lhet\u0151, ellen\u00e1ll\u00f3 a korr\u00f3zi\u00f3val szemben.<br \/>\nAz \u00f3nozott idomtest ellen\u00e1ll\u00f3bb\u00e1 teszi az idomot.<br \/>\nAz \u00faj idomprofil megakad\u00e1lyozza az O-gy\u0171r\u0171 s\u00e9r\u00fcl\u00e9s\u00e9t, elcs\u00fasz\u00e1s\u00e1t.<\/p>\n<p>Az O-gy\u0171r\u0171 \u00faj elhelyez\u00e9s\u00e9nek k\u00f6sz\u00f6nhet\u0151en a cs\u0151 k\u00f6nnyebben illeszthet\u0151.<br \/>\n16&#215;1\/2&#8243;<br \/>\n16&#215;3\/4&#8243;<br \/>\n20&#215;1\/2&#8243;<br \/>\n20&#215;3\/4&#8243;<br \/>\n26&#215;1&#8242;<br \/>\n26&#215;3\/4&#8243;<\/p>\n","protected":false},"excerpt":{"rendered":"<p>16&#215;1\/2&#8243;<\/p>\n","protected":false},"featured_media":4678,"template":"","meta":[],"product_brand":[],"product_cat":[117],"product_tag":[],"class_list":{"0":"post-4779","1":"product","2":"type-product","3":"status-publish","4":"has-post-thumbnail","6":"product_cat-otretegupressidomok","8":"first","9":"instock","10":"shipping-taxable","11":"purchasable","12":"product-type-simple","13":"berocket_lgv_grid","14":"berocket_lgv_list_grid"},"_links":{"self":[{"href":"https:\/\/webshop.ventil-trade.hu\/index.php?rest_route=\/wp\/v2\/product\/4779","targetHints":{"allow":["GET"]}}],"collection":[{"href":"https:\/\/webshop.ventil-trade.hu\/index.php?rest_route=\/wp\/v2\/product"}],"about":[{"href":"https:\/\/webshop.ventil-trade.hu\/index.php?rest_route=\/wp\/v2\/types\/product"}],"wp:featuredmedia":[{"embeddable":true,"href":"https:\/\/webshop.ventil-trade.hu\/index.php?rest_route=\/wp\/v2\/media\/4678"}],"wp:attachment":[{"href":"https:\/\/webshop.ventil-trade.hu\/index.php?rest_route=%2Fwp%2Fv2%2Fmedia&parent=4779"}],"wp:term":[{"taxonomy":"product_brand","embeddable":true,"href":"https:\/\/webshop.ventil-trade.hu\/index.php?rest_route=%2Fwp%2Fv2%2Fproduct_brand&post=4779"},{"taxonomy":"product_cat","embeddable":true,"href":"https:\/\/webshop.ventil-trade.hu\/index.php?rest_route=%2Fwp%2Fv2%2Fproduct_cat&post=4779"},{"taxonomy":"product_tag","embeddable":true,"href":"https:\/\/webshop.ventil-trade.hu\/index.php?rest_route=%2Fwp%2Fv2%2Fproduct_tag&post=4779"}],"curies":[{"name":"wp","href":"https:\/\/api.w.org\/{rel}","templated":true}]}}