{"id":4813,"date":"2024-01-05T18:27:43","date_gmt":"2024-01-05T18:27:43","guid":{"rendered":"https:\/\/webshop.ventil-trade.hu\/?product=alupex-kulcsos-toldo-3"},"modified":"2026-03-07T08:11:09","modified_gmt":"2026-03-07T08:11:09","slug":"alupex-kulcsos-toldo-3","status":"publish","type":"product","link":"https:\/\/webshop.ventil-trade.hu\/?product=alupex-kulcsos-toldo-3","title":{"rendered":"Alupex kulcsos told\u00f3"},"content":{"rendered":"<p>\u00d6tr\u00e9get\u0171 rendszerhez kulcsos told\u00f3 eg\u00e1l, Alupex<br \/>\nKulcsos csatlakoz\u00f3k<br \/>\nALUPEX kulcsos csatlakoz\u00f3 \u00f6tr\u00e9teg\u0171 cs\u0151h\u00f6z<br \/>\nHaszn\u00e1lhat\u00f3 f\u0171t\u00e9si \u00e9s haszn\u00e1lati melegv\u00edz ell\u00e1t\u00e1si rendszerekn\u00e9l.<br \/>\n16x16x16<br \/>\n20x20x20<br \/>\n26x26x26<\/p>\n","protected":false},"excerpt":{"rendered":"<p>26&#215;26<\/p>\n","protected":false},"featured_media":4647,"template":"","meta":[],"product_brand":[],"product_cat":[118],"product_tag":[],"class_list":{"0":"post-4813","1":"product","2":"type-product","3":"status-publish","4":"has-post-thumbnail","6":"product_cat-otretegukulcsosidomok","8":"first","9":"instock","10":"shipping-taxable","11":"purchasable","12":"product-type-simple","13":"berocket_lgv_grid","14":"berocket_lgv_list_grid"},"_links":{"self":[{"href":"https:\/\/webshop.ventil-trade.hu\/index.php?rest_route=\/wp\/v2\/product\/4813","targetHints":{"allow":["GET"]}}],"collection":[{"href":"https:\/\/webshop.ventil-trade.hu\/index.php?rest_route=\/wp\/v2\/product"}],"about":[{"href":"https:\/\/webshop.ventil-trade.hu\/index.php?rest_route=\/wp\/v2\/types\/product"}],"wp:featuredmedia":[{"embeddable":true,"href":"https:\/\/webshop.ventil-trade.hu\/index.php?rest_route=\/wp\/v2\/media\/4647"}],"wp:attachment":[{"href":"https:\/\/webshop.ventil-trade.hu\/index.php?rest_route=%2Fwp%2Fv2%2Fmedia&parent=4813"}],"wp:term":[{"taxonomy":"product_brand","embeddable":true,"href":"https:\/\/webshop.ventil-trade.hu\/index.php?rest_route=%2Fwp%2Fv2%2Fproduct_brand&post=4813"},{"taxonomy":"product_cat","embeddable":true,"href":"https:\/\/webshop.ventil-trade.hu\/index.php?rest_route=%2Fwp%2Fv2%2Fproduct_cat&post=4813"},{"taxonomy":"product_tag","embeddable":true,"href":"https:\/\/webshop.ventil-trade.hu\/index.php?rest_route=%2Fwp%2Fv2%2Fproduct_tag&post=4813"}],"curies":[{"name":"wp","href":"https:\/\/api.w.org\/{rel}","templated":true}]}}