{"id":4951,"date":"2024-01-05T18:28:52","date_gmt":"2024-01-05T18:28:52","guid":{"rendered":"https:\/\/webshop.ventil-trade.hu\/?product=kg-tisztito-idom"},"modified":"2026-03-06T13:01:56","modified_gmt":"2026-03-06T13:01:56","slug":"kg-tisztito-idom","status":"publish","type":"product","link":"https:\/\/webshop.ventil-trade.hu\/?product=kg-tisztito-idom","title":{"rendered":"KG Tiszt\u00edt\u00f3 idom"},"content":{"rendered":"<p>KG tiszt\u00edt\u00f3ny\u00edl\u00e1s, Tiszt\u00edt\u00f3ny\u00edl\u00e1s<br \/>\na KG idomok \u00e9s cs\u00f6vek.<br \/>\nEzek az elemek m\u0171anyagb\u00f3l k\u00e9sz\u00fclnek, \u00e9s gumit\u00f6m\u00edt\u00e9ssel illeszkednek egym\u00e1shoz. A m\u0171anyag szavatolja, hogy a cs\u00f6vek ellen\u00e1ll\u00f3ak legyenek a k\u00fcl\u00f6nf\u00e9le vesz\u00e9lyes anyagokkal szemben, a gumit\u00f6m\u00edt\u00e9s pedig gondoskodik arr\u00f3l, hogy az elemek sziv\u00e1rg\u00e1s n\u00e9lk\u00fcl illeszkedjenek egym\u00e1shoz.<br \/>\n110mm<br \/>\n125mm<br \/>\n160mm<br \/>\n200mm<\/p>\n","protected":false},"excerpt":{"rendered":"<p>110mm<\/p>\n","protected":false},"featured_media":4317,"template":"","meta":[],"product_brand":[],"product_cat":[121],"product_tag":[],"class_list":{"0":"post-4951","1":"product","2":"type-product","3":"status-publish","4":"has-post-thumbnail","6":"product_cat-kg-pvc-lefolyorendszer-kulterre","8":"first","9":"instock","10":"shipping-taxable","11":"purchasable","12":"product-type-simple","13":"berocket_lgv_grid","14":"berocket_lgv_list_grid"},"_links":{"self":[{"href":"https:\/\/webshop.ventil-trade.hu\/index.php?rest_route=\/wp\/v2\/product\/4951","targetHints":{"allow":["GET"]}}],"collection":[{"href":"https:\/\/webshop.ventil-trade.hu\/index.php?rest_route=\/wp\/v2\/product"}],"about":[{"href":"https:\/\/webshop.ventil-trade.hu\/index.php?rest_route=\/wp\/v2\/types\/product"}],"wp:featuredmedia":[{"embeddable":true,"href":"https:\/\/webshop.ventil-trade.hu\/index.php?rest_route=\/wp\/v2\/media\/4317"}],"wp:attachment":[{"href":"https:\/\/webshop.ventil-trade.hu\/index.php?rest_route=%2Fwp%2Fv2%2Fmedia&parent=4951"}],"wp:term":[{"taxonomy":"product_brand","embeddable":true,"href":"https:\/\/webshop.ventil-trade.hu\/index.php?rest_route=%2Fwp%2Fv2%2Fproduct_brand&post=4951"},{"taxonomy":"product_cat","embeddable":true,"href":"https:\/\/webshop.ventil-trade.hu\/index.php?rest_route=%2Fwp%2Fv2%2Fproduct_cat&post=4951"},{"taxonomy":"product_tag","embeddable":true,"href":"https:\/\/webshop.ventil-trade.hu\/index.php?rest_route=%2Fwp%2Fv2%2Fproduct_tag&post=4951"}],"curies":[{"name":"wp","href":"https:\/\/api.w.org\/{rel}","templated":true}]}}