{"id":5173,"date":"2024-01-05T18:30:45","date_gmt":"2024-01-05T18:30:45","guid":{"rendered":"https:\/\/webshop.ventil-trade.hu\/?product=iszaplevalaszto-delton-magneses-fem"},"modified":"2026-03-06T13:02:34","modified_gmt":"2026-03-06T13:02:34","slug":"iszaplevalaszto-delton-magneses-fem","status":"publish","type":"product","link":"https:\/\/webshop.ventil-trade.hu\/?product=iszaplevalaszto-delton-magneses-fem","title":{"rendered":"Iszaplev\u00e1laszt\u00f3 Delton m\u00e1gneses f\u00e9m"},"content":{"rendered":"<p>M\u00e1gneses iszaplev\u00e1laszt\u00f3, Delton m\u00e1gneses<br \/>\n\u2022\tpraktikus, ha helyhi\u00e1ny miatt m\u00e1s iszaplev\u00e1laszt\u00f3 nem szerelhet\u0151 fel<br \/>\n\u2022\tkompakt kialak\u00edt\u00e1s<br \/>\n\u2022\tm\u0171anyag h\u00e1z<br \/>\n\u2022\trozsdamentes ac\u00e9l sz\u0171r\u0151<br \/>\n\u2022\tegyenesen vagy sarokkivitelben is felszerelhet\u0151<br \/>\n\u2022\tm\u00e9ret: 3\/4\u2033<br \/>\n\u2022\tmax. \u00fczemi nyom\u00e1s: 4 bar<br \/>\n\u2022\th\u0151m\u00e9rs\u00e9klet tartom\u00e1ny: 0-90 \u00b0C<br \/>\nM\u00e9retek: 3\/4<\/p>\n","protected":false},"excerpt":{"rendered":"<p>3\/4&#8243;<\/p>\n","protected":false},"featured_media":4469,"template":"","meta":[],"product_brand":[],"product_cat":[129],"product_tag":[],"class_list":{"0":"post-5173","1":"product","2":"type-product","3":"status-publish","4":"has-post-thumbnail","6":"product_cat-iszaplevalaszto","8":"first","9":"instock","10":"shipping-taxable","11":"purchasable","12":"product-type-simple","13":"berocket_lgv_grid","14":"berocket_lgv_list_grid"},"_links":{"self":[{"href":"https:\/\/webshop.ventil-trade.hu\/index.php?rest_route=\/wp\/v2\/product\/5173","targetHints":{"allow":["GET"]}}],"collection":[{"href":"https:\/\/webshop.ventil-trade.hu\/index.php?rest_route=\/wp\/v2\/product"}],"about":[{"href":"https:\/\/webshop.ventil-trade.hu\/index.php?rest_route=\/wp\/v2\/types\/product"}],"wp:featuredmedia":[{"embeddable":true,"href":"https:\/\/webshop.ventil-trade.hu\/index.php?rest_route=\/wp\/v2\/media\/4469"}],"wp:attachment":[{"href":"https:\/\/webshop.ventil-trade.hu\/index.php?rest_route=%2Fwp%2Fv2%2Fmedia&parent=5173"}],"wp:term":[{"taxonomy":"product_brand","embeddable":true,"href":"https:\/\/webshop.ventil-trade.hu\/index.php?rest_route=%2Fwp%2Fv2%2Fproduct_brand&post=5173"},{"taxonomy":"product_cat","embeddable":true,"href":"https:\/\/webshop.ventil-trade.hu\/index.php?rest_route=%2Fwp%2Fv2%2Fproduct_cat&post=5173"},{"taxonomy":"product_tag","embeddable":true,"href":"https:\/\/webshop.ventil-trade.hu\/index.php?rest_route=%2Fwp%2Fv2%2Fproduct_tag&post=5173"}],"curies":[{"name":"wp","href":"https:\/\/api.w.org\/{rel}","templated":true}]}}