{"id":5174,"date":"2024-01-05T18:30:46","date_gmt":"2024-01-05T18:30:46","guid":{"rendered":"https:\/\/webshop.ventil-trade.hu\/?product=iszaplevalaszto-rbm-mg-1-magneses"},"modified":"2026-03-06T13:02:12","modified_gmt":"2026-03-06T13:02:12","slug":"iszaplevalaszto-rbm-mg-1-magneses","status":"publish","type":"product","link":"https:\/\/webshop.ventil-trade.hu\/?product=iszaplevalaszto-rbm-mg-1-magneses","title":{"rendered":"Iszaplev\u00e1laszt\u00f3 RBM MG-1 m\u00e1gneses"},"content":{"rendered":"<p>M\u00e1gneses iszaplev\u00e1laszt\u00f3, Az RBM MG1 elnevez\u00e9s\u0171 m\u00e1gneses sz\u0171r\u0151je ide\u00e1lisan alkalmazhat\u00f3 f\u0171t\u00e9si rendszerekben, a benne tal\u00e1lhat\u00f3 11000 gauss er\u0151ss\u00e9g\u0171 m\u00e1gnes kiv\u00e1l\u00f3an megakad\u00e1lyozza hogy g\u00e1zkaz\u00e1n elt\u00f6m\u0151dj\u00f6n. Szuper kompakt kivitel\u0171 iszap lev\u00e1laszt\u00f3: Megfog minden szennyez\u0151d\u00e9st. Korr\u00f3zi\u00f3 g\u00e1tl\u00f3.<br \/>\nM\u00e9retek: 3\/4 <\/p>\n","protected":false},"excerpt":{"rendered":"<p>3\/4&#8243;<\/p>\n","protected":false},"featured_media":4508,"template":"","meta":[],"product_brand":[],"product_cat":[129],"product_tag":[],"class_list":{"0":"post-5174","1":"product","2":"type-product","3":"status-publish","4":"has-post-thumbnail","6":"product_cat-iszaplevalaszto","8":"first","9":"instock","10":"shipping-taxable","11":"purchasable","12":"product-type-simple","13":"berocket_lgv_grid","14":"berocket_lgv_list_grid"},"_links":{"self":[{"href":"https:\/\/webshop.ventil-trade.hu\/index.php?rest_route=\/wp\/v2\/product\/5174","targetHints":{"allow":["GET"]}}],"collection":[{"href":"https:\/\/webshop.ventil-trade.hu\/index.php?rest_route=\/wp\/v2\/product"}],"about":[{"href":"https:\/\/webshop.ventil-trade.hu\/index.php?rest_route=\/wp\/v2\/types\/product"}],"wp:featuredmedia":[{"embeddable":true,"href":"https:\/\/webshop.ventil-trade.hu\/index.php?rest_route=\/wp\/v2\/media\/4508"}],"wp:attachment":[{"href":"https:\/\/webshop.ventil-trade.hu\/index.php?rest_route=%2Fwp%2Fv2%2Fmedia&parent=5174"}],"wp:term":[{"taxonomy":"product_brand","embeddable":true,"href":"https:\/\/webshop.ventil-trade.hu\/index.php?rest_route=%2Fwp%2Fv2%2Fproduct_brand&post=5174"},{"taxonomy":"product_cat","embeddable":true,"href":"https:\/\/webshop.ventil-trade.hu\/index.php?rest_route=%2Fwp%2Fv2%2Fproduct_cat&post=5174"},{"taxonomy":"product_tag","embeddable":true,"href":"https:\/\/webshop.ventil-trade.hu\/index.php?rest_route=%2Fwp%2Fv2%2Fproduct_tag&post=5174"}],"curies":[{"name":"wp","href":"https:\/\/api.w.org\/{rel}","templated":true}]}}