{"id":5205,"date":"2024-01-05T18:31:00","date_gmt":"2024-01-05T18:31:00","guid":{"rendered":"https:\/\/webshop.ventil-trade.hu\/?product=meleg-vizora-szaraz"},"modified":"2026-03-06T13:02:38","modified_gmt":"2026-03-06T13:02:38","slug":"meleg-vizora-szaraz","status":"publish","type":"product","link":"https:\/\/webshop.ventil-trade.hu\/?product=meleg-vizora-szaraz","title":{"rendered":"Meleg v\u00edz\u00f3ra sz\u00e1raz"},"content":{"rendered":"<p>V\u00edz\u00f3ra v\u00edzfogyaszt\u00e1shoz, V\u00edz\u00f3r\u00e1k Bmeters<br \/>\nMelegv\u00edz<br \/>\nSz\u00e1razon fut\u00f3<br \/>\nHidegv\u00edz 30\u00b0C<br \/>\nMelegv\u00edz 90\u00b0C<br \/>\n8 sz\u00e1mg\u00f6rg\u0151<br \/>\n1 liter pontoss\u00e1g\u00fa kijelz\u00e9s<br \/>\nK\u00e9sz\u00fcl: 1\/2\u2033 \u2013 3\/4\u2033 m\u00e9retben<br \/>\nA sz\u00e1ml\u00e1l\u00f3 360\u00b0-ban elforgathat\u00f3<br \/>\nAlacsony indul\u00e1si \u00e9rz\u00e9kenys\u00e9g<br \/>\nTart\u00f3s, pontos m\u00e9r\u00e9si eredm\u00e9nyek<br \/>\nImpulzusad\u00f3val felszerelhet\u0151 \u2013 r\u00e1di\u00f3s rendszer<\/p>\n","protected":false},"excerpt":{"rendered":"<p>1\/2&#8243;-110mm<\/p>\n","protected":false},"featured_media":4211,"template":"","meta":[],"product_brand":[],"product_cat":[131],"product_tag":[],"class_list":{"0":"post-5205","1":"product","2":"type-product","3":"status-publish","4":"has-post-thumbnail","6":"product_cat-vizora","8":"first","9":"instock","10":"shipping-taxable","11":"purchasable","12":"product-type-simple","13":"berocket_lgv_grid","14":"berocket_lgv_list_grid"},"_links":{"self":[{"href":"https:\/\/webshop.ventil-trade.hu\/index.php?rest_route=\/wp\/v2\/product\/5205","targetHints":{"allow":["GET"]}}],"collection":[{"href":"https:\/\/webshop.ventil-trade.hu\/index.php?rest_route=\/wp\/v2\/product"}],"about":[{"href":"https:\/\/webshop.ventil-trade.hu\/index.php?rest_route=\/wp\/v2\/types\/product"}],"wp:featuredmedia":[{"embeddable":true,"href":"https:\/\/webshop.ventil-trade.hu\/index.php?rest_route=\/wp\/v2\/media\/4211"}],"wp:attachment":[{"href":"https:\/\/webshop.ventil-trade.hu\/index.php?rest_route=%2Fwp%2Fv2%2Fmedia&parent=5205"}],"wp:term":[{"taxonomy":"product_brand","embeddable":true,"href":"https:\/\/webshop.ventil-trade.hu\/index.php?rest_route=%2Fwp%2Fv2%2Fproduct_brand&post=5205"},{"taxonomy":"product_cat","embeddable":true,"href":"https:\/\/webshop.ventil-trade.hu\/index.php?rest_route=%2Fwp%2Fv2%2Fproduct_cat&post=5205"},{"taxonomy":"product_tag","embeddable":true,"href":"https:\/\/webshop.ventil-trade.hu\/index.php?rest_route=%2Fwp%2Fv2%2Fproduct_tag&post=5205"}],"curies":[{"name":"wp","href":"https:\/\/api.w.org\/{rel}","templated":true}]}}