{"id":5248,"date":"2024-01-05T18:31:22","date_gmt":"2024-01-05T18:31:22","guid":{"rendered":"https:\/\/webshop.ventil-trade.hu\/?product=tipli-muanyag-3"},"modified":"2026-03-06T13:02:46","modified_gmt":"2026-03-06T13:02:46","slug":"tipli-muanyag-3","status":"publish","type":"product","link":"https:\/\/webshop.ventil-trade.hu\/?product=tipli-muanyag-3","title":{"rendered":"Tipli m\u0171anyag"},"content":{"rendered":"<p>Tipli csavarr\u00f6gz\u00edt\u00e9shez, Tipli m\u0171anyag<br \/>\nA tipli vagy m\u00e1s n\u00e9ven d\u00fcbel egy m\u0171anyagb\u00f3l vagy f\u00e9mb\u0151l k\u00e9sz\u00fclt \u00e1ltal\u00e1ban henger form\u00e1j\u00fa eszk\u00f6z, amely lehet\u0151v\u00e9 teszi csavar r\u00f6gz\u00edt\u00e9s\u00e9t por\u00f3zus vagy t\u00f6r\u00e9keny anyagban (p\u00e9ld\u00e1ul t\u00e9gla vagy beton). Az a szerepe, hogy a csavart a lehet\u0151 legszorosabban r\u00f6gz\u00edtse, hogy az meg tudja tartani a hozz\u00e1 r\u00f6gz\u00edtett t\u00e1rgy s\u00faly\u00e1t.<br \/>\n6mm, 8mm, 10mm, 12mm, 14mm<\/p>\n","protected":false},"excerpt":{"rendered":"<p>10mm<\/p>\n","protected":false},"featured_media":4215,"template":"","meta":[],"product_brand":[],"product_cat":[80],"product_tag":[],"class_list":{"0":"post-5248","1":"product","2":"type-product","3":"status-publish","4":"has-post-thumbnail","6":"product_cat-rogzitestechnika","8":"first","9":"instock","10":"shipping-taxable","11":"purchasable","12":"product-type-simple","13":"berocket_lgv_grid","14":"berocket_lgv_list_grid"},"_links":{"self":[{"href":"https:\/\/webshop.ventil-trade.hu\/index.php?rest_route=\/wp\/v2\/product\/5248","targetHints":{"allow":["GET"]}}],"collection":[{"href":"https:\/\/webshop.ventil-trade.hu\/index.php?rest_route=\/wp\/v2\/product"}],"about":[{"href":"https:\/\/webshop.ventil-trade.hu\/index.php?rest_route=\/wp\/v2\/types\/product"}],"wp:featuredmedia":[{"embeddable":true,"href":"https:\/\/webshop.ventil-trade.hu\/index.php?rest_route=\/wp\/v2\/media\/4215"}],"wp:attachment":[{"href":"https:\/\/webshop.ventil-trade.hu\/index.php?rest_route=%2Fwp%2Fv2%2Fmedia&parent=5248"}],"wp:term":[{"taxonomy":"product_brand","embeddable":true,"href":"https:\/\/webshop.ventil-trade.hu\/index.php?rest_route=%2Fwp%2Fv2%2Fproduct_brand&post=5248"},{"taxonomy":"product_cat","embeddable":true,"href":"https:\/\/webshop.ventil-trade.hu\/index.php?rest_route=%2Fwp%2Fv2%2Fproduct_cat&post=5248"},{"taxonomy":"product_tag","embeddable":true,"href":"https:\/\/webshop.ventil-trade.hu\/index.php?rest_route=%2Fwp%2Fv2%2Fproduct_tag&post=5248"}],"curies":[{"name":"wp","href":"https:\/\/api.w.org\/{rel}","templated":true}]}}