{"id":5289,"date":"2024-01-05T18:31:42","date_gmt":"2024-01-05T18:31:42","guid":{"rendered":"https:\/\/webshop.ventil-trade.hu\/?product=wc-tartaly-domotor"},"modified":"2026-03-06T13:01:47","modified_gmt":"2026-03-06T13:01:47","slug":"wc-tartaly-domotor","status":"publish","type":"product","link":"https:\/\/webshop.ventil-trade.hu\/?product=wc-tartaly-domotor","title":{"rendered":"WC tart\u00e1ly D\u00f6m\u00f6t\u00f6r"},"content":{"rendered":"<p>Falon k\u00edv\u00fcli WC tart\u00e1ly D\u00f6m\u00f6t\u00f6r<br \/>\n&#8211; k\u00f6z\u00e9p magas \u00e9s magas be\u00e9p\u00edthet\u0151s\u00e9gi \u00f6bl\u00edt\u0151tart\u00e1ly\u2028<br \/>\n&#8211; rug\u00f3s elz\u00e1r\u00e1s\u00fa \u00f6bl\u00edt\u0151 rendszere biztos\u00edtja, hogy fokozat mentesen 0,5 litert\u0151l \u2013 10 literig tetsz\u0151leges v\u00edzmennyis\u00e9g \u00f6bl\u00edthet\u0151 le<br \/>\n\u2028- az \u00f6bl\u00edt\u0151tart\u00e1ly v\u00edz bek\u00f6t\u00e9se a jobb \u00e9s bal oldali oldalfalakon kialak\u00edtott takar\u00f3 elemek elt\u00e1vol\u00edt\u00e1sa r\u00e9v\u00e9n biztos\u00edthat\u00f3<br \/>\n&#8211; v\u00edzp\u00e1ra elleni szigetel\u00e9ssel ell\u00e1tott &#8211; csendes v\u00edzut\u00e1nt\u00f6lt\u00e9s<br \/>\n&#8211; az \u00f6bl\u00edt\u0151tart\u00e1ly f\u0151 szerkezeti elemeinek (t\u00f6lt\u0151 \u00e9s \u00f6bl\u00edt\u0151 szelep) illetve valamennyi r\u00e9szegys\u00e9g\u00e9nek alkatr\u00e9sz ell\u00e1t\u00e1sa hossz\u00fa t\u00e1von biztos\u00edtott &#8211; egyszer\u0171 szerkezeti kialak\u00edt\u00e1sa miatt szerel\u00e9se, karbantart\u00e1sa szak\u00e9rtelmet nem ig\u00e9nyel<\/p>\n","protected":false},"excerpt":{"rendered":"<p>Hagyom\u00e1nyos als\u00f3-fels\u0151 szerel\u00e9s<\/p>\n","protected":false},"featured_media":4102,"template":"","meta":[],"product_brand":[],"product_cat":[22],"product_tag":[],"class_list":{"0":"post-5289","1":"product","2":"type-product","3":"status-publish","4":"has-post-thumbnail","6":"product_cat-wc-tartalyok","8":"first","9":"instock","10":"shipping-taxable","11":"purchasable","12":"product-type-simple","13":"berocket_lgv_grid","14":"berocket_lgv_list_grid"},"_links":{"self":[{"href":"https:\/\/webshop.ventil-trade.hu\/index.php?rest_route=\/wp\/v2\/product\/5289","targetHints":{"allow":["GET"]}}],"collection":[{"href":"https:\/\/webshop.ventil-trade.hu\/index.php?rest_route=\/wp\/v2\/product"}],"about":[{"href":"https:\/\/webshop.ventil-trade.hu\/index.php?rest_route=\/wp\/v2\/types\/product"}],"wp:featuredmedia":[{"embeddable":true,"href":"https:\/\/webshop.ventil-trade.hu\/index.php?rest_route=\/wp\/v2\/media\/4102"}],"wp:attachment":[{"href":"https:\/\/webshop.ventil-trade.hu\/index.php?rest_route=%2Fwp%2Fv2%2Fmedia&parent=5289"}],"wp:term":[{"taxonomy":"product_brand","embeddable":true,"href":"https:\/\/webshop.ventil-trade.hu\/index.php?rest_route=%2Fwp%2Fv2%2Fproduct_brand&post=5289"},{"taxonomy":"product_cat","embeddable":true,"href":"https:\/\/webshop.ventil-trade.hu\/index.php?rest_route=%2Fwp%2Fv2%2Fproduct_cat&post=5289"},{"taxonomy":"product_tag","embeddable":true,"href":"https:\/\/webshop.ventil-trade.hu\/index.php?rest_route=%2Fwp%2Fv2%2Fproduct_tag&post=5289"}],"curies":[{"name":"wp","href":"https:\/\/api.w.org\/{rel}","templated":true}]}}