{"id":5293,"date":"2024-01-05T18:31:43","date_gmt":"2024-01-05T18:31:43","guid":{"rendered":"https:\/\/webshop.ventil-trade.hu\/?product=wc-tartaly-geberit-4"},"modified":"2026-03-06T13:02:10","modified_gmt":"2026-03-06T13:02:10","slug":"wc-tartaly-geberit-4","status":"publish","type":"product","link":"https:\/\/webshop.ventil-trade.hu\/?product=wc-tartaly-geberit-4","title":{"rendered":"WC tart\u00e1ly Geberit"},"content":{"rendered":"<p>Falon k\u00edv\u00fcli WC tart\u00e1ly, AP116 PLUS Geberit<br \/>\nEz a k\u00fcl\u00f6n\u00f6sen st\u00edlusos megjelen\u00e9s\u0171, falon k\u00edv\u00fcli tart\u00e1ly elk\u00e1pr\u00e1ztatja a szemet kifi nomult, l\u00e1gy vonalaival, de ugyanakkor kiel\u00e9g\u00edti a min\u0151s\u00e9g \u00e9s a megb\u00edzhat\u00f3s\u00e1g ir\u00e1nt t\u00e1masztott ig\u00e9ny\u00fcnket is. A 2 mennyis\u00e9ges \u00f6bl\u00edt\u00e9s takar\u00e9kos v\u00edzfelhaszn\u00e1l\u00e1st biztos\u00edt, m\u00edg a szilikon gy\u0171r\u0171 a hossz\u00fa t\u00e1v\u00fa megb\u00edzhat\u00f3 m\u0171k\u00f6d\u00e9s\u00e9rt felel\u0151s. Az \u00faj, k\u00f6nnyed\u00e9n kezelhet\u0151 bedob\u00f3ny\u00edl\u00e1s lehet\u0151s\u00e9get ny\u00fajt v\u00edzkezel\u0151 tabletta tart\u00e1lyba juttat\u00e1s\u00e1ra, amely hozz\u00e1j\u00e1rul a f\u00fcrd\u0151szoba higi\u00e9ni\u00e1j\u00e1hoz. Sz\u00ednek: feh\u00e9r<br \/>\n100%-os UV ellen\u00e1ll\u00e1s<br \/>\nKimagasl\u00f3an halk m\u0171k\u00f6d\u00e9s<br \/>\n2 mennyis\u00e9ges \u00f6bl\u00edt\u00e9s<\/p>\n","protected":false},"excerpt":{"rendered":"<p>AP116 Natura Plus<\/p>\n","protected":false},"featured_media":4105,"template":"","meta":[],"product_brand":[],"product_cat":[22],"product_tag":[],"class_list":{"0":"post-5293","1":"product","2":"type-product","3":"status-publish","4":"has-post-thumbnail","6":"product_cat-wc-tartalyok","8":"first","9":"instock","10":"shipping-taxable","11":"purchasable","12":"product-type-simple","13":"berocket_lgv_grid","14":"berocket_lgv_list_grid"},"_links":{"self":[{"href":"https:\/\/webshop.ventil-trade.hu\/index.php?rest_route=\/wp\/v2\/product\/5293","targetHints":{"allow":["GET"]}}],"collection":[{"href":"https:\/\/webshop.ventil-trade.hu\/index.php?rest_route=\/wp\/v2\/product"}],"about":[{"href":"https:\/\/webshop.ventil-trade.hu\/index.php?rest_route=\/wp\/v2\/types\/product"}],"wp:featuredmedia":[{"embeddable":true,"href":"https:\/\/webshop.ventil-trade.hu\/index.php?rest_route=\/wp\/v2\/media\/4105"}],"wp:attachment":[{"href":"https:\/\/webshop.ventil-trade.hu\/index.php?rest_route=%2Fwp%2Fv2%2Fmedia&parent=5293"}],"wp:term":[{"taxonomy":"product_brand","embeddable":true,"href":"https:\/\/webshop.ventil-trade.hu\/index.php?rest_route=%2Fwp%2Fv2%2Fproduct_brand&post=5293"},{"taxonomy":"product_cat","embeddable":true,"href":"https:\/\/webshop.ventil-trade.hu\/index.php?rest_route=%2Fwp%2Fv2%2Fproduct_cat&post=5293"},{"taxonomy":"product_tag","embeddable":true,"href":"https:\/\/webshop.ventil-trade.hu\/index.php?rest_route=%2Fwp%2Fv2%2Fproduct_tag&post=5293"}],"curies":[{"name":"wp","href":"https:\/\/api.w.org\/{rel}","templated":true}]}}